 v(4).
2
Let o(p) = p**3 + 2*p**2 + 2*p + 2. Let g be o(0). Let b = 1 - g. Let a(d) = 8*d**2. Determine a(b).
8
Let q(c) = 20*c - 53. Let d(l) = 7*l - 18. Let z(u) = 17*d(u) - 6*q(u). Let t be z(6). Let a(v) = v**2 - 8*v + 6. Calculate a(t).
-6
Let s(b) = 6*b - 1. Let t(g) be the first derivative of g**4/4 - 7*g**3/3 + g**2/2 + g + 7. Let f be t(7). Suppose -3*o = o - f. What is s(o)?
11
Let h(q) = -5 - 2*q**2 + 3*q**2 + 0 - 5*q - 3. Let c be ((-65)/260)/((-1)/28). Determine h(c).
6
Let p(o) = -3*o**3 - 2*o**2 + o - 2. Let j(d) = -4 - 3*d + d**3 + 3*d + 2 + d. Let l be j(0). Give p(l).
12
Let r(x) = 9*x**2 - 4*x + 5*x**3 - 6*x**3 - 4 - 36*x**2 + 14*x**2 + 10*x**2. Calculate r(-3).
8
Let j(u) be the second derivative of u**5/10 - 5*u**4/12 + u**3/2 + u**2/2 + 16*u - 2. Give j(3).
19
Let n(j) be the first derivative of -j**2/2 - 6*j + 91. Calculate n(-8).
2
Let b be (-3)/(-4) - ((-216)/32)/3. Let c(g) be the second derivative of 3*g + 0 + 1/6*g**b + 0*g**2. Calculate c(4).
4
Let a = -1465 - -1475. Let s(n) = 3*n + 9. Determine s(a).
39
Let o(a) = a**3 + 6*a**2 + 6*a + 5. Suppose -4*r - 297 = -277. What is o(r)?
0
Let j(h) = 24*h + 395. Let p be j(-16). Let q(k) = k**3 - 10*k**2 - 7*k + 2. What is q(p)?
46
Let o(i) = -i**2 + 1. Let m be o(-2). Let u = 7 - m. Suppose -3*g + 2*n = 10, -u = 4*g - 5*n + 1. Let l(f) = -f**2 - 5*f - 6. What is l(g)?
-2
Let f(v) be the third derivative of 5*v**4/12 + 25*v**3/6 - 707*v**2. Determine f(-4).
-15
Let g(x) = 5 + 3 - x**2 + 2*x - 7*x. Suppose 0*f = 4*f - 8. Let k(w) = -3*w. Let z be k(f). Calculate g(z).
2
Let u = -5 + 8. Suppose -i = -u*i. Let h(d) be the first derivative of -d**2/2 + d + 95. What is h(i)?
1
Let t(k) = k**3 - 4*k**2 - 5. Suppose 0 = 3*r - 4*y + 5, -2*r - 2*y - 8 = -0*r. Let n(h) = h**2 + 6*h. Let w be n(r). Let m be 1*(-3 + (-2 - w)). What is t(m)?
-5
Let z(t) = -2*t + 1. Suppose 2*c = -c - 5*x - 69, -5*x + 46 = -2*c. Let a = -22 - c. Determine z(a).
-1
Suppose 54*v = 56*v + 18. Let q(n) = n**3 + 8*n**2 - 10*n - 6. Give q(v).
3
Let k(a) = -13*a - a + 0*a + 8 - 2*a - 5*a**2 - a + a**3. Determine k(7).
-13
Suppose -6*n + 5 = -7. Let g(v) = -5*v - v**3 - 4 - 4*v**n + 17*v**2 - 7*v**2. Let l = 67 - 63. Give g(l).
8
Let f(o) = 54*o - 4*o**2 - 1 - 31*o - 24*o + 0. Let g(n) = -n**2 - 5*n + 2. Let d be g(-5). Suppose p + d*p = -3. What is f(p)?
-4
Let p = 2 - 1. Let q(y) = y**2 + 3*y + 16. Let d(z) = -z**2 - 5*z - 28. Let o(w) = -4*d(w) - 7*q(w). Give o(p).
-4
Let f be (5 + 0)/(2 - 1). Suppose -3*m + f = -a, 0*m - 25 = -4*a - 3*m. Let p(s) = s**2 - 6*s + 3. Determine p(a).
-5
Let u(n) be the third derivative of n**9/30240 - n**8/5040 + n**7/1260 - n**6/360 - n**5/30 + 12*n**2. Let y(r) be the third derivative of u(r). Give y(2).
6
Let c(b) = 2*b + 9 + 0 + 9 - 9 + 0. Give c(9).
27
Let a(u) = 17*u + 155. Let c be a(-9). Let v(j) = -10*j. Give v(c).
-20
Let j(q) = -11*q. Let b(k) = -19*k - 3. Let g(t) = -3*b(t) + 5*j(t). Let r = -11 + 3. Calculate g(r).
-7
Suppose -4*t - 5*f - 2 = 0, -17*t + 4*f - 20 = -13*t. Let w(s) = 4*s + s - 4*s. Give w(t).
-3
Let i be (-22)/(-33)*27/2. Suppose -3*m + i = 0, 9 = -7*a + 2*a + 3*m. Let z(g) be the second derivative of g**4/12 + g**3/6 + 5*g**2/2 - g. Calculate z(a).
5
Let h(k) = k + 18. Suppose 0 = 2*s + 4*s - 2*s. What is h(s)?
18
Let o(k) = k**3 + 3*k**2 + k. Let a be o(-2). Let i(l) = 83*l + 5 + 0 - 89*l - l**a + 2. Determine i(-5).
12
Let o(m) = 53*m + 10. Let q(r) = 10*r + 1. Let s(c) = -o(c) + 5*q(c). Determine s(-4).
7
Let k(v) = v + 5. Let w(a) = -a**3 + 8*a**2 + 32*a + 3. Let r be w(11). Give k(r).
-3
Let r(o) = o**3 + 9*o**2 - o + 4. Suppose -88 = 2*p - 70. Give r(p).
13
Let h(d) = -252 - 6*d + 244 + d + d. Calculate h(-8).
24
Suppose -375*u - 66 = -381*u. Let b(a) = 2*a**2 - 22*a - 4. Calculate b(u).
-4
Let r(a) be the third derivative of -a**5/30 + a**4/6 + a**3/6 + 735*a**2. Determine r(-4).
-47
Let t(z) be the first derivative of -z**4/4 + 4*z**3/3 + 2*z**2 + 5*z + 10. Let c(l) = 2*l + 19. Let m be c(-7). Calculate t(m).
0
Let k be (2 + -3)*-4 - -7. Suppose -6*n = -k - 7. Let v(i) = i**3 - 3*i**2 - 3*i - 1. Determine v(n).
-10
Let p(c) = -c**2 - 9*c - 9. Let t be p(-7). Suppose -9*v + t = 23. Let i(s) = 3*s + 3. Determine i(v).
-3
Suppose -3 = -21*x + 18. Let a(g) = -4*g**3 - 11*g + 10*g + 4*g**3 + 1 - g**3. Calculate a(x).
-1
Let s be (9 - 11)/(2/(-4)). Let f(z) = -3*z**3 - 5*z**2 + z + 3. Let k(g) = 7*g**3 + 10*g**2 - 2*g - 7. Let w(q) = s*k(q) + 9*f(q). Determine w(5).
4
Let x(r) be the first derivative of -4*r**2 - 4*r + 357. Determine x(5).
-44
Let x be (-12)/26 - (-232)/52. Let o(d) = d**2 - 11*d + 10. What is o(x)?
-18
Suppose -4*s = 3*u - 3, -28 + 29 = 4*s + u. Let w(r) be the second derivative of 1/6*r**3 + 3*r + 1/12*r**4 - 3/2*r**2 + 1/20*r**5 + s. What is w(0)?
-3
Let q(w) = -38*w**3 - 15*w**2 - w - 29. Let p(m) = -5*m**3 - 2*m**2 - 4. Let h(y) = -15*p(y) + 2*q(y). What is h(1)?
-1
Let a be ((-2)/4)/(1/12). Let u(w) = -3 + 5*w**2 - 3*w + 4 + 7 + w**3. What is u(a)?
-10
Let g(l) = l**3 - 9*l**2 + 9*l - 14. Suppose -j = 10 - 18. Let r be g(j). Let b(f) = -f**3 - 5*f**2 + 7*f + 1. Give b(r).
-5
Let v be ((-5 - -8)/(-15))/(24/(-35)). Let y(l) be the third derivative of -1/60*l**5 + 5*l**2 + 0 - v*l**4 + 0*l - 2/3*l**3. Calculate y(-7).
-4
Let q = -21 - 10. Let u = 34 + q. Let d(f) = -5*f**3 + 17*f**3 - 11*f**u. What is d(-1)?
-1
Let m(w) = w**3 + 7 + 0 - 611*w**2 - 2*w + 612*w**2. Determine m(0).
7
Suppose -350 = -43*m + 8*m. Let i(k) = k**3 - 11*k**2 + 11*k - 17. Calculate i(m).
-7
Let v(x) = -x**3 - 27*x**2 + 35*x - 1. Let u(k) = -k**3 - 30*k**2 + 39*k. Let z(r) = -5*u(r) + 6*v(r). What is z(-13)?
-32
Let o(y) = 19*y**2 + 5*y - 16. Let t(m) = -7*m**2 - 2*m + 5. Let g(r) = 3*o(r) + 8*t(r). Determine g(4).
4
Suppose 0*n + n = -3*k + 14, 2*n - 10 = 0. Let d(u) = -4*u**2 - 8*u - 4. Let v(s) = -9*s**2 - 17*s - 8. Let b(q) = k*v(q) - 7*d(q). Determine b(-3).
-2
Let j be (0 - 2 - -7) + -12. Let y be (3/2)/((-4)/(-8)). Let n(c) = -c**2 - 3*c + 6. Let t(l) = 2*l**2 + 7*l - 11. Let r(g) = y*t(g) + 5*n(g). Determine r(j).
4
Let z(h) = 6*h**2 - 2 - 7 - 6*h + 18 + h**3. Determine z(-7).
2
Let w be (-1 + 2)*(1 + 5). Let n(z) be the second derivative of 1/12*z**4 + 0 - 7/6*z**3 + 4*z**2 + 19*z. Calculate n(w).
2
Let l(u) = 3*u**2 + 4*u. Let r(d) = 13*d**2 + 15*d. Let k(w) = 9*l(w) - 2*r(w). Suppose 2*q + 33 = -3*v, 5*v - v + 32 = -2*q. Let g be 8/36 + 94/q. Give k(g).
-5
Let y(v) = 4 + 422*v - 421*v - 13. Let d be y(8). Let p(o) = 4*o**2 - o. What is p(d)?
5
Let d(l) be the second derivative of -l**5/20 + 5*l**4/12 + 7*l**3/3 - 5*l**2 - 58*l. Determine d(7).
-10
Let f(v) = -v**3 + 2*v**2 + 10*v - 6. Let i be f(4). Let w(k) = 3 - i*k**3 + 6*k**3 - 3*k**3 + 0*k**2 - 3*k + 3*k**2. Give w(-3).
12
Suppose 0 = -4*p - 29 + 1. Let a(r) = 4*r + 5. Determine a(p).
-23
Let g(t) = 7*t**3 + 8*t**2 - 11*t - 1. Let p(v) = -4*v**3 - 4*v**2 + 6*v. Let s(d) = -3*g(d) - 5*p(d). Suppose 416 = -290*l + 186*l. What is s(l)?
-9
Let k(i) be the third derivative of -i**5/60 - i**4/3 - 13*i**3/6 - 34*i**2 + 4*i. Determine k(-10).
-33
Suppose 0 = -3*q - 4*m + 242 + 203, 0 = 2*q + 2*m - 296. Let p = q + -154. Let v(f) = -8*f + 0 + f**3 + 1 + 6*f**2 - 2. Determine v(p).
6
Let x(j) = -3 + 7*j**2 + j**3 + 44*j - 20*j - 18*j. Give x(-6).
-3
Let p(q) = -22 + 2*q - q + 7*q + 74. What is p(-6)?
4
Let d(t) = 2*t + t**3 + 6*t + 5*t - 7*t + 7*t**2. What is d(-6)?
0
Let s be (-12)/(-1) + (4 - 5). Let g(f) = 5*f**2. Suppose -17 = -3*p + j, 2*p + 3*j = -5 - 2. Let c(y) = -14*y**2 + y. Let x(t) = p*c(t) + s*g(t). Give x(3).
3
Let j(f) be the first derivative of -f**2/2 - 9*f + 18. Let b(q) = -3 + 4*q**2 - 2 + q**2 - 4*q**2 + q**3 + q. Let y be b(0). Give j(y).
-4
Suppose 17 - 2 = 5*m. Suppose -m = 3*j - d, -3*d + 0 - 5 = -2*j. Let s(c) = 2*c**3 + 2*c**2 - 3*c - 2. What is s(j)?
-4
Let o(d) = -3*d**2 - 13*d + 6. Let z(b) = -7*b**2 - 27*b + 11. Let p(c) = 9*o(c) - 4*z(c). Let t(i) = 2*i**2 - 85*i - 266. Let r be t(-3). Determine p(r).
-4
Suppose m = -4*d - d + 14, 3*d - 5 = -4*m. Let g(r) = -1. Let h(a) = -6*a + 2. Let q(l) = 2*g(l) - h(l). Give q(d).
14
Suppose 0 = -5*l - 5*d - 20 + 5, -4 = -d. Let f be (l + 5)*1/2. Let m(c) = -c**2 - c - 1. Determine m(f).
-1
Let f(d) be the third derivative o